pose 0*m + m - 4*m = f. Let p(k) = -k**3 - k**2 + k + 1073. Is p(m) prime?
False
Let z be ((-32)/32)/((-1)/(-2)). Is 7*(z/6)/(1/(-1227)) a composite number?
True
Let x = -187037 - -635478. Is x prime?
False
Let v be -5*((-2)/3 + (-4)/(-15)). Suppose 4*j = o + 12, -v*o = o - 12. Suppose j*x = -16, -2*x = 4*h + 11 - 1111. Is h prime?
True
Let i be ((-87)/15)/((-2)/10). Suppose i*j - 276955 - 137194 = 0. Is j a composite number?
False
Suppose 811492 = 8*f - 90724. Is f a prime number?
False
Let l(t) be the second derivative of 827*t**4/6 - t**3/6 + 13*t. Let s be l(-1). Suppose 5*z - 5*y - s = 0, 3*y - 3 = z - 326. Is z a prime number?
False
Suppose -2*i = 3*k - 5, i + 20 = -3*i. Suppose 5*q + k = -5. Let x(n) = -312*n - 13. Is x(q) a prime number?
False
Suppose -l = y + 52 + 210, 0 = -3*l + 3*y - 774. Suppose -9*s + 49*s = 99640. Let k = s + l. Is k a composite number?
True
Let o(u) = u**2 + 23*u + 81. Let i be o(-19). Suppose -l = 3, -i*k + k + 5*l + 13187 = 0. Is k prime?
False
Let k(v) = -v**3 + 161*v**2 - 118*v + 503. Is k(97) a prime number?
True
Let m be 34/(-119) - (-13240)/(-14). Let d = m - -2033. Is d a prime number?
True
Let d(k) = k**2 - 10*k - 6. Let o be d(11). Let r be (-5)/o*(-1 + -1610). Let u = r - 722. Is u a composite number?
True
Suppose 2*w - 5*c = 17, -5*w - 6*c - 4 = -3*c. Let b be ((-5)/10 + w)*4866. Suppose 4*d - b = 3*t - 911, 3*d - 1133 = -2*t. Is d composite?
False
Suppose 21139518 + 50143591 = 6*m + 61*m. Is m a composite number?
False
Is (26 + -16 - 8)*(-8819435)/(-10) a composite number?
False
Let s(v) = -15*v**3 - v**2 + 33*v - 291. Is s(-14) prime?
False
Let a = -634 - -639. Let q(i) = i**3 - 6*i**2 + 6*i + 7. Let c be q(5). Suppose 5*m = 2*d + 6071, -a*d + c - 27 = 0. Is m a composite number?
False
Suppose 0 = -3*z + 722740 + 3588821. Is z a composite number?
False
Suppose 2*k - 17 = 5*m, 2*k - m + 5 = 3*k. Let c be 4/k - 12/9*-1. Suppose -w = -c*a - 52, -w + 40 = 3*a - a. Is w a composite number?
True
Let m = -370716 + 581057. Is m a prime number?
False
Suppose -5*q = -p - 338090, 3*p = -3*q - 0*p + 202872. Is q prime?
True
Let h = 38 + -38. Let a be 39/(-6) + h + (-2)/(-4). Is (-3502)/a - (-1)/((-9)/6) composite?
True
Suppose 7*p - 157 + 115 = 0. Suppose 9*j - p*j = 4179. Is j a composite number?
True
Suppose 0 = 124*p - 98*p + 191*p - 47123069. Is p a prime number?
True
Let q = -56 + 67. Let c = -8 + q. Suppose -i - c*j = 3*i - 8182, 0 = j + 2. Is i a composite number?
True
Let t(i) = 4*i**3 + 2*i**2 - i. Let a be t(1). Suppose -4*b = -k - 58386, -4*k + 85529 - 12536 = a*b. Is b prime?
False
Suppose -w - d - 4*d + 13 = 0, -w + 4*d + 4 = 0. Suppose -s + 3*y + 0*y = w, 2*s + 4 = 3*y. Suppose 4*m - s*n = 228, -n - 4*n = 4*m - 192. Is m composite?
False
Suppose 4*f + 4 = 0, 2*c = -2*f - 4 + 10. Suppose -483 + 1519 = c*d. Suppose 398 = 3*z - d. Is z a composite number?
True
Let x(o) = -28173*o - 26. Is x(-4) prime?
False
Let b = 1000505 + -257208. Is b a prime number?
True
Let o be 285/76 + 2 + 7/(-4). Suppose -3*m - 2*i = 3*i - 3952, o = -4*i. Is m prime?
True
Let h(j) = -j**3 + 20*j**2 - 23*j + 48. Let o be h(25). Let b = -2335 - o. Is b a composite number?
True
Let y be (6/10)/((-4)/(-20)). Suppose -y*z - 5*t + 1544 = 387, 774 = 2*z + 2*t. Is z a composite number?
False
Suppose 0*u - 2*u + 14 = 0. Let y(w) be the second derivative of -w**5/20 + 5*w**4/6 - 17*w**3/6 + 3*w**2/2 + 7*w - 7. Is y(u) composite?
False
Let m = -168 + 140. Is (-2)/7 - 94732/m composite?
True
Let a = -407 + 428. Is (-38442)/(-9) - (49/a + -2) a prime number?
True
Let j(v) = -841*v**2 + 5*v - 28. Let k be j(5). Is 4*(k/(-16) + 4) a prime number?
True
Let w = 73998 - -115559. Is w a prime number?
False
Suppose -40*s - 3*a - 45173 = -41*s, 2*s + a = 90318. Is s prime?
True
Let y(u) be the first derivative of -114*u**2 - 5*u - 1624. Let v = 0 - 1. Is y(v) prime?
True
Let d(b) = -b**3 - 51*b**2 - 48*b - 58. Let l be d(-50). Let f be 4/(-16) + (-1187)/4. Let c = l - f. Is c a prime number?
True
Let h = 66 + -66. Suppose 5*q - o + h*o = -18383, 5*q + o + 18387 = 0. Let c = q + 5220. Is c a composite number?
False
Suppose 0 = 4*i + 3*i - 21. Suppose -3*u = c - 7, i*c - 2*u - 3*u + 7 = 0. Is c - 5103/(-4) - 4/(-16) composite?
False
Suppose 1 = 4*a + 17. Let d be (-1208 - (0 + 2)) + 1 + a. Let b = d - -2316. Is b a prime number?
True
Let u = -46019 - -184050. Is u a prime number?
False
Suppose 0 = -2*b + b - 2*q + 18604, -b - 3*q = -18609. Let y = b - 13271. Is y a prime number?
True
Is (-4)/((-6 - (-3515432)/585908)/1) a prime number?
True
Suppose 3*j = -3*s, 6*s - s + 3*j - 8 = 0. Suppose -u + 302725 = s*m - 75548, -u - 378263 = -4*m. Is m a prime number?
False
Suppose 8*n - 11*n = -12. Suppose -k = 2*v + 548, n*v + 5*k = -849 - 235. Let u = -127 - v. Is u composite?
False
Let i = 136546 - 8967. Is i a composite number?
False
Let g(b) be the second derivative of -b**5/20 - 2*b**4/3 - 7*b**3/6 + 18*b. Let k be g(-7). Suppose -o + k*d - d + 498 = 0, d + 4 = 0. Is o a prime number?
False
Is 1/(2/(-1149))*(6 - (-1680)/(-36)) a prime number?
False
Let b(s) = -s**3 - 11*s**2 - 9*s + 10. Let n be b(-10). Let r(d) = d**3 - 2*d**2 - d + 941. Is r(n) a composite number?
False
Suppose -1909*h + 32010 = -1915*h. Let z = 13584 + h. Is z prime?
False
Let y(d) = -2*d**3 - 2*d**2 + 3*d - 3. Let r be y(-3). Suppose -r*t = -18*t - 7242. Is t composite?
True
Let c(m) = 2*m - 32. Let a be c(11). Let i = a + 14. Suppose -7303 + 19443 = i*p. Is p a composite number?
True
Let s(b) be the first derivative of 23*b**5/30 - 5*b**4/24 - 7*b**3/6 + 25*b**2/2 - 11. Let u(w) be the second derivative of s(w). Is u(-3) a prime number?
False
Let y(f) = -2*f - 210 + f**3 + 4*f - f**2 + f**2. Let t be y(0). Let r = t - -541. Is r composite?
False
Let w(y) = 7*y**3 - 8*y**2 - 16*y - 5. Let g be w(13). Let l = g + -3871. Is l composite?
True
Let x = 92 + -92. Suppose -7 = 3*k - x*k - o, -4*k = o. Is 0 + 2 - (k + -806) prime?
True
Let z = -85 - -85. Suppose -6*f - 14945 - 2371 = z. Is 0/(0 + 1) - (-13 + f) a prime number?
False
Let m be -11 - (-3 + -4) - (-2841)/(-3). Is (65/(-15) - -4)*m a prime number?
True
Suppose -2*i = 4*q + 11 + 5, -i + 7 = -q. Suppose 0 = -2*t + 5*y - 48, -i*t - 48 = -0*t - 4*y. Is (t/(-14))/3 - 13644/(-84) composite?
False
Let q = 2392265 - 1553248. Is q prime?
False
Let w(f) be the second derivative of -f**5/20 + 5*f**4/6 - f**3 + 9*f**2/2 - 15*f. Let p be w(8). Suppose m - 54 = p. Is m a prime number?
False
Suppose 39*w = 63*w + 36*w - 145298100. Is w prime?
False
Let h = 1 - -566. Suppose -2*n + 26 = -4*d, -3*d + 8*d = 0. Suppose -h - 5192 = -n*t. Is t a prime number?
True
Suppose 4*n - 582883 = -5*c, -32*n = -2*c - 33*n + 233155. Is c composite?
False
Let z be -5972*18/6*(-28)/24. Let h = -10251 + z. Is h a composite number?
False
Let a(u) = -524*u**3 + 6*u**2 - 89*u - 304. Is a(-3) a prime number?
False
Let i(s) = 6*s**3 + 4*s**2 + 26*s + 3. Let f be i(12). Let n = f - 4286. Is n composite?
True
Suppose 17*p - 4*p - 56875 = 0. Suppose -2148 = -11*l + p. Is l composite?
False
Let j(b) = -5*b + 16. Let y be j(6). Is y/63 + (-219975)/(-27) + 0 a prime number?
True
Let l(t) = 72*t - 13. Let d(q) = -q - 1. Suppose f - 2*g = -11, 0*g + 5*g = 4*f + 32. Let n(i) = f*d(i) - l(i). Is n(-3) a composite number?
False
Let h(p) = -p**2 - 8*p + 14. Let k be h(-10). Let j be -14*2/(-3)*k/(-8). Suppose 5305 = j*z - 2*z. Is z a composite number?
False
Let w = 509 - 120. Suppose 0 = 21*l - 20*l - w. Is l prime?
True
Let d(c) = 1 - c - 3 + 4. Let j be d(-2). Suppose o + j*o - 2465 = 0. Is o prime?
False
Suppose -132*l - 24 = -138*l. Suppose l*o + 529 = 6*o - n, -n - 3 = 0. Is o composite?
False
Let f be (-58)/145*(-185)/3*1194. Let s = f + -16161. Is s composite?
False
Is 1724070/22 - ((-760)/(-55) + -14) prime?
True
Suppose 28*u - 38*u = -8840. Let t = u - 577. Is t prime?
True
Suppose -4*y + 55008 = 5*c - 1132200, 0 = 4*y + 2*c - 1187196. Is y composite?
False
Suppose d - 178 = -2*d + 4*r, r + 166 = 3*d. Let u = 57 - d. Is (4 - (-115)/3)*u a composite number?
False
Suppose -18*o - 2080074 = -32*o + 959032. Is o a prime number?
False
Suppose 11*w - 10*w + 75 = 0. Let z = -4 - w. Let n = 370 - z. Is n prime?
False
Is 235983 + ((-38)/19 - -18) composite?
True
Let i be 